In base 3, what is -12210 + -1212201?
-2002111
In base 5, what is -2 + -304124?
-304131
In base 12, what is -3 + 233ba?
233b7
In base 3, what is 2021 - -1210210?
1220001
In base 10, what is 2603 + -1?
2602
In base 5, what is 21 + 22243122?
22243143
In base 15, what is -bc6 + 37?
-b8e
In base 12, what is 218568 + 4?
218570
In base 3, what is 0 + -12212020022?
-12212020022
In base 16, what is -4aeee + 3?
-4aeeb
In base 6, what is -2301 + 2241?
-20
In base 6, what is -13215 - -111?
-13104
In base 14, what is 200 - -125?
325
In base 6, what is 11 - 1023404?
-1023353
In base 5, what is 13 + 104430?
104443
In base 6, what is 324 - 1552?
-1224
In base 16, what is -8a - 2eb?
-375
In base 2, what is -1 + -111100111001?
-111100111010
In base 4, what is 12 - 32102211?
-32102133
In base 7, what is -533233 - 2?
-533235
In base 5, what is 1121043 - -21?
1121114
In base 16, what is a7920 - 5?
a791b
In base 3, what is 1112220 + -2002122?
-112202
In base 3, what is -1 - -10011221220?
10011221212
In base 5, what is -141441022 - 1?
-141441023
In base 15, what is -69 - -17?
-52
In base 14, what is -b21 + b?
-b14
In base 5, what is -2 + 113143012?
113143010
In base 11, what is -1 + -69806?
-69807
In base 5, what is -222 - -10031?
4304
In base 14, what is -10d759 - -3?
-10d756
In base 10, what is -2 + 794203?
794201
In base 11, what is 1 - 2265?
-2264
In base 8, what is -346666 - -5?
-346661
In base 2, what is -100010111110101001110 + 10?
-100010111110101001100
In base 15, what is 83e + -11e?
720
In base 10, what is -80 - -3270?
3190
In base 7, what is 64 - -24523?
24620
In base 2, what is 111 - -10001011000100?
10001011001011
In base 10, what is 237669 + 3?
237672
In base 2, what is 1010 - 10011100001110111100?
-10011100001110110010
In base 11, what is -2565 + -8?
-2572
In base 7, what is 536 + -132?
404
In base 10, what is 2174435 - -4?
2174439
In base 13, what is -163 + -415?
-578
In base 14, what is a + 2288?
2294
In base 6, what is -51 - 10453?
-10544
In base 3, what is 1001100 - 12101?
211222
In base 15, what is 1427c9 + 2?
1427cb
In base 9, what is 24 + 1132?
1156
In base 11, what is -2068a6 + 1?
-2068a5
In base 8, what is -1373 - -2077?
504
In base 2, what is -10110 - 10000110?
-10011100
In base 5, what is 100102212 + 11?
100102223
In base 9, what is 778 - 303?
475
In base 5, what is 121 - 10301?
-10130
In base 7, what is 53 - 102?
-16
In base 5, what is 4 - -40043314?
40043323
In base 14, what is 0 + 2527?
2527
In base 7, what is -120 - 2120?
-2240
In base 5, what is -24200 - 112?
-24312
In base 3, what is 1011 + 1210?
2221
In base 5, what is -1133 + -4301?
-10434
In base 2, what is -11010101101100010000 + 10?
-11010101101100001110
In base 15, what is -d82 + -ae?
-e41
In base 6, what is 13151114 - -1?
13151115
In base 8, what is 40 - 137?
-77
In base 12, what is -24095 + 11?
-24084
In base 8, what is -33 - 52066?
-52121
In base 14, what is -4 - 4d901?
-4d905
In base 6, what is -15 - -14423124?
14423105
In base 12, what is 4 - -3b934?
3b938
In base 8, what is -71 + -2261?
-2352
In base 12, what is 715 - 95?
640
In base 2, what is 10110 - -11001101000?
11001111110
In base 4, what is -1111 - 303230?
-311001
In base 3, what is 12222100102021 + -1?
12222100102020
In base 5, what is 1034 - 43101?
-42012
In base 6, what is -1334 + -44250?
-50024
In base 5, what is -140401 + 22?
-140324
In base 15, what is 1 + -5d8?
-5d7
In base 7, what is -2 + 24?
22
In base 10, what is 175 - -6571?
6746
In base 10, what is -3540 + 2?
-3538
In base 13, what is 283ca + 5?
28402
In base 8, what is 40 - 54?
-14
In base 3, what is 21100 + -1102000?
-1010200
In base 16, what is -4ef + 9b?
-454
In base 4, what is 30000031330 - -2?
30000031332
In base 13, what is 176c4 + -3?
176c1
In base 2, what is 1110001101 + 100101101?
10010111010
In base 12, what is 36 - -97?
111
In base 11, what is 10 + 3673?
3683
In base 13, what is 1424 - 3?
1421
In base 15, what is 10 - -b250?
b260
In base 9, what is 22 + 1167?
1200
In base 12, what is -267 - 2656?
-2901
In base 6, what is 550 + -2143?
-1153
In base 15, what is -1 + -2509?
-250a
In base 7, what is 6556 - 64?
6462
In base 13, what is 9b1 + -a?
9a4
In base 7, what is 23433 - 21?
23412
In base 5, what is -12 - 102312?
-102324
In base 13, what is -3 + 1027?
1024
In base 14, what is -12877b - -5?
-128776
In base 12, what is 807 + 6?
811
In base 13, what is -5 - -1957?
1952
In base 16, what is 2 + 5ad3?
5ad5
In base 6, what is 2245 - 115?
2130
In base 5, what is 2223 + -1020?
1203
In base 12, what is 160a - 201?
1409
In base 15, what is -5 + -12666?
-1266b
In base 16, what is 3 + -639b?
-6398
In base 15, what is 3 + dd52?
dd55
In base 14, what is -9c - -325?
267
In base 10, what is -5 + 220594?
220589
In base 2, what is -11111110111100001 - -1100?
-11111110111010101
In base 15, what is -40557 - 6?
-4055d
In base 11, what is -2040 + -13?
-2053
In base 3, what is 2111101012 - -11?
2111101100
In base 10, what is 64656 + 0?
64656
In base 16, what is 7b + -3a94?
-3a19
In base 3, what is 1010210000 + -1011?
1010201212
In base 3, what is 2 + -1012211220?
-1012211211
In base 2, what is 11 + 1000010101001011111?
1000010101001100010
In base 2, what is -100010 - -1011000111011?
1011000011001
In base 7, what is -10 - -21656?
21646
In base 5, what is -41 - -1014042?
1014001
In base 13, what is 572 + -5?
56a
In base 11, what is 1 + 793?
794
In base 9, what is -100 + 53?
-36
In base 12, what is 36 - 62?
-28
In base 11, what is 665309 - 1?
665308
In base 5, what is 3 - 100431232?
-100431224
In base 6, what is 4 + -5423031?
-5423023
In base 10, what is -10538 - 484?
-11022
In base 8, what is -3572 + -42?
-3634
In base 4, what is -23 - 10102230?
-10102313
In base 14, what is 2c7 - 450?
-167
In base 8, what is 5 + -341572?
-341565
In base 8, what is -4 - 410513?
-410517
In base 11, what is -70a0 - 14?
-7104
In base 5, what is 0 - -30133?
30133
In base 7, what is -2521055 - -4?
-2521051
In base 2, what is -100011100 - -10110110000?
10010010100
In base 12, what is -1980b + 3?
-19808
In base 9, what is 55641 - 17?
55623
In base 4, what is -33310 + -130232?
-230202
In base 3, what is -2122102 + -12221?
-2212100
In base 12, what is -2932b + -51?
-29380
In base 14, what is -3 - c6a2c?
-c6a31
In base 9, what is 13056 - 4?
13052
In base 4, what is -10002030230 - 10?
-10002030300
In base 15, what is 4 - bd8b?
-bd87
In base 15, what is 2 - -3195?
3197
In base 9, what is -56021 + -1?
-56022
In base 15, what is -18e463 - 1?
-18e464
In base 13, what is 6932 + 26?
6958
In base 14, what is 20d7b + -38?
20d43
In base 2, what is 11011001 + -100100001?
-1001000
In base 5, what is 1 - -122440431?
122440432
In base 12, what is -1 - 11a63?
-11a64
In base 12, what is -1 + -12601?
-12602
In base 14, what is -d9 + -12?
-10b
In base 11, what is 5 + -139a?
-1395
In base 7, what is -522221 + -3?
-522224
In base 5, what is 2401343 + 3?
2401401
In base 13, what is 1 + 4b775?
4b776
In base 10, what is -2690 - -148?
-2542
In base 6, what is -1155 - 214?
-1413
In base 6, what is -1032 + 2444?
1412
In base 8, what is 42107 + 101?
42210
In base 16, what is -27b6 - 0?
-27b6
In base 6, what is -321022 + -11?
-321033
In base 3, what is -12 - 1210102010001?
-1210102010020
In base 12, what is 49a3 - 16b?
4834
In base 10, what is -2529 + 43?
-2486
In base 10, what is -78604 + 3?
-78601
In base 2, what is -10110100001110100100 + 0?
-10110100001110100100
In base 13, what is 852b66 - 3?
852b63
In base 2, what is 11010100111100010 + 11?
11010100111100101
In base 12, what is -2a1 - -418?
137
In base 16, what is c38 + a1?
cd9
In base 8, what is -44002 - -13?
-43767
In base 15, what is -37 - -7ba0?
7b68
In base 4, what is -100222 + 1110023?
1003201
In base 7, what is -101 + -510?
-611
In base 15, what is dbd - b?
db2
In base 7, what is -4601 - 4?
-4605
In base 4, what is -3102120 - -1031?
-3101023
In base 13, what is 47c1c - -4?
47c23
In base 6, what is -155423 - 5?
-155432
In base 16, what is -4 + 5c044?
5c040
In base 2, what is 1000101 + 11110101111?
11111110100
In base 7, what is 16 - -125534?
125553
In base 13, what is 4c - -430?
47c
In base 2, what is 101111 + 110010100111?
110011010110
In base 5, what is -1 + -322314124?
-322314130
In base 16, what is 6 - 50e44?
-50e3e
In base 11, what is -4615 - 34?
-46